{"id":45,"date":"2019-01-08T14:44:02","date_gmt":"2019-01-08T14:44:02","guid":{"rendered":"https:\/\/serohplan.live-website.com\/?page_id=45"},"modified":"2019-01-21T14:23:39","modified_gmt":"2019-01-21T14:23:39","slug":"leistungen","status":"publish","type":"page","link":"https:\/\/serohplan.de\/?page_id=45","title":{"rendered":"Leistungen"},"content":{"rendered":"<p>Zu meinen Leistungen z\u00e4hlen<\/p>\n<ul style=\"list-style-type: circle;\">\n<li><a href=\"https:\/\/serohplan.de\/bedarfsorientierte-ueberholung\">Bedarfsorientierte \u00dcberholung<\/a><\/li>\n<li><a href=\"https:\/\/serohplan.de\/technische-optimierung\">Technische Optimierung<\/a><\/li>\n<li><a href=\"https:\/\/serohplan.de\/wertermittlung\">Wertermittlung<\/a><\/li>\n<li><a href=\"https:\/\/serohplan.de\/neubau-umbau\">Standortplanung \/ Neubau \/ Umbau<\/a><\/li>\n<li><a href=\"https:\/\/serohplan.de\/schulung\">Schulung<\/a><\/li>\n<\/ul>\n","protected":false},"excerpt":{"rendered":"<p>Zu meinen Leistungen z\u00e4hlen Bedarfsorientierte \u00dcberholung Technische Optimierung Wertermittlung Standortplanung \/ Neubau \/ Umbau Schulung<\/p>\n","protected":false},"author":1,"featured_media":0,"parent":0,"menu_order":0,"comment_status":"closed","ping_status":"closed","template":"","meta":{"jetpack_post_was_ever_published":false,"footnotes":""},"class_list":["post-45","page","type-page","status-publish","hentry"],"jetpack_sharing_enabled":true,"jetpack_shortlink":"https:\/\/wp.me\/PaCcNT-J","jetpack-related-posts":[{"id":99,"url":"https:\/\/serohplan.de\/?page_id=99","url_meta":{"origin":45,"position":0},"title":"Schulung","author":"Metalchecker","date":"14. Januar 2019","format":false,"excerpt":"Bedienungs- oder Wartungsfehler k\u00f6nnen Sie teuer zu stehen kommen. Zur Vermeidung schule ich Ihr Personal direkt vor Ort an der Maschine. Ihre Frage: Meine Kosten sind zu hoch oder die Maschinenverf\u00fcgbarkeit ist zu gering. Welche Ma\u00dfnahmen soll ich ergreifen? Meine Leistungen: Auf Basis einer Begehung und einem Fachgespr\u00e4ch mit dem\u2026","rel":"","context":"\u00c4hnlicher Beitrag","block_context":{"text":"\u00c4hnlicher Beitrag","link":""},"img":{"alt_text":"","src":"https:\/\/i0.wp.com\/serohplan.de\/wp-content\/uploads\/2019\/03\/serohplan_sieb-300x249.jpg?resize=350%2C200&ssl=1","width":350,"height":200},"classes":[]},{"id":121,"url":"https:\/\/serohplan.de\/?page_id=121","url_meta":{"origin":45,"position":1},"title":"Datenschutzerkl\u00e4rung","author":"Metalchecker","date":"14. Januar 2019","format":false,"excerpt":"Datenschutzerkl\u00e4rung Wir freuen uns sehr \u00fcber Ihr Interesse an unserem Unternehmen. Datenschutz hat einen besonders hohen Stellenwert f\u00fcr die Gesch\u00e4ftsleitung der SeRohPlan GmbH. Eine Nutzung der Internetseiten der SeRohPlan GmbH ist grunds\u00e4tzlich ohne jede Angabe personenbezogener Daten m\u00f6glich. Sofern eine betroffene Person besondere Services unseres Unternehmens \u00fcber unsere Internetseite in\u2026","rel":"","context":"\u00c4hnlicher Beitrag","block_context":{"text":"\u00c4hnlicher Beitrag","link":""},"img":{"alt_text":"","src":"","width":0,"height":0},"classes":[]}],"_links":{"self":[{"href":"https:\/\/serohplan.de\/index.php?rest_route=\/wp\/v2\/pages\/45","targetHints":{"allow":["GET"]}}],"collection":[{"href":"https:\/\/serohplan.de\/index.php?rest_route=\/wp\/v2\/pages"}],"about":[{"href":"https:\/\/serohplan.de\/index.php?rest_route=\/wp\/v2\/types\/page"}],"author":[{"embeddable":true,"href":"https:\/\/serohplan.de\/index.php?rest_route=\/wp\/v2\/users\/1"}],"replies":[{"embeddable":true,"href":"https:\/\/serohplan.de\/index.php?rest_route=%2Fwp%2Fv2%2Fcomments&post=45"}],"version-history":[{"count":3,"href":"https:\/\/serohplan.de\/index.php?rest_route=\/wp\/v2\/pages\/45\/revisions"}],"predecessor-version":[{"id":160,"href":"https:\/\/serohplan.de\/index.php?rest_route=\/wp\/v2\/pages\/45\/revisions\/160"}],"wp:attachment":[{"href":"https:\/\/serohplan.de\/index.php?rest_route=%2Fwp%2Fv2%2Fmedia&parent=45"}],"curies":[{"name":"wp","href":"https:\/\/api.w.org\/{rel}","templated":true}]}}