{"id":40,"date":"2019-01-08T14:42:27","date_gmt":"2019-01-08T14:42:27","guid":{"rendered":"https:\/\/serohplan.live-website.com\/?page_id=40"},"modified":"2019-06-10T14:41:22","modified_gmt":"2019-06-10T14:41:22","slug":"kontakt-impressum","status":"publish","type":"page","link":"https:\/\/serohplan.de\/?page_id=40","title":{"rendered":"Kontakt\/Impressum"},"content":{"rendered":"\r\n<p>Angaben gem\u00e4\u00df \u00a7 5 TMG<\/p>\r\n\r\n\r\n\r\n<p>SeRohPlan GmbH<br \/>Recycling \u2013 Planung \u2013 Realisation<br \/>Martin Kievernagel <br \/>Am Walde 16<\/p>\r\n<p>Telefon: +49 (0)4144 235 233<br \/>Mobil: +49 (0)172 260 4527<br \/>Mail: <a>kievernagel@serohplan.de<\/a><\/p>\r\n\r\n\r\n\r\n<p><strong>Vertreten durch: <\/strong><br \/>Martin Kievernagel<\/p>\r\n\r\n\r\n\r\n<p><strong>Registereintrag: <\/strong><br \/>Eintragung im Handelsregister, Registergericht: Tostedt<br \/>Registernummer: HRB 207108<\/p>\r\n\r\n\r\n\r\n<p><strong>Umsatzsteuer-ID: <\/strong> <br \/>Umsatzsteuer-Identifikationsnummer gem\u00e4\u00df \u00a727a Umsatzsteuergesetz: <br \/>USt.-ID-Nr.: DE 321 512 550<\/p>\r\n<hr \/>\r\n\r\n\r\n<p><strong>Haftungsausschluss: <\/strong><br \/><br \/><strong>Haftung f\u00fcr Inhalte<\/strong><br \/><br \/>Die Inhalte unserer Seiten wurden mit gr\u00f6\u00dfter Sorgfalt erstellt. F\u00fcr die Richtigkeit, Vollst\u00e4ndigkeit und Aktualit\u00e4t der Inhalte k\u00f6nnen wir jedoch keine Gew\u00e4hr \u00fcbernehmen. Als Diensteanbieter sind wir gem\u00e4\u00df \u00a7 7 Abs.1 TMG f\u00fcr eigene Inhalte auf diesen Seiten nach den allgemeinen Gesetzen verantwortlich. Nach \u00a7\u00a7 8 bis 10 TMG sind wir als Diensteanbieter jedoch nicht verpflichtet, \u00fcbermittelte oder gespeicherte fremde Informationen zu \u00fcberwachen oder nach Umst\u00e4nden zu forschen, die auf eine rechtswidrige T\u00e4tigkeit hinweisen. Verpflichtungen zur Entfernung oder Sperrung der Nutzung von Informationen nach den allgemeinen Gesetzen bleiben hiervon unber\u00fchrt. Eine diesbez\u00fcgliche Haftung ist jedoch erst ab dem Zeitpunkt der Kenntnis einer konkreten Rechtsverletzung m\u00f6glich. Bei Bekanntwerden von entsprechenden Rechtsverletzungen werden wir diese Inhalte umgehend entfernen.<br \/><br \/><strong>Haftung f\u00fcr Links<\/strong><br \/><br \/>Unser Angebot enth\u00e4lt Links zu externen Webseiten Dritter, auf deren Inhalte wir keinen Einfluss haben. Deshalb k\u00f6nnen wir f\u00fcr diese fremden Inhalte auch keine Gew\u00e4hr \u00fcbernehmen. F\u00fcr die Inhalte der verlinkten Seiten ist stets der jeweilige Anbieter oder Betreiber der Seiten verantwortlich. Die verlinkten Seiten wurden zum Zeitpunkt der Verlinkung auf m\u00f6gliche Rechtsverst\u00f6\u00dfe \u00fcberpr\u00fcft. Rechtswidrige Inhalte waren zum Zeitpunkt der Verlinkung nicht erkennbar. Eine permanente inhaltliche Kontrolle der verlinkten Seiten ist jedoch ohne konkrete Anhaltspunkte einer Rechtsverletzung nicht zumutbar. Bei Bekanntwerden von Rechtsverletzungen werden wir derartige Links umgehend entfernen.<br \/><br \/><strong>Urheberrecht<\/strong><br \/><br \/>Die durch die Seitenbetreiber erstellten Inhalte und Werke auf diesen Seiten unterliegen dem deutschen Urheberrecht. Die Vervielf\u00e4ltigung, Bearbeitung, Verbreitung und jede Art der Verwertung au\u00dferhalb der Grenzen des Urheberrechtes bed\u00fcrfen der schriftlichen Zustimmung des jeweiligen Autors bzw. Erstellers. Downloads und Kopien dieser Seite sind nur f\u00fcr den privaten, nicht kommerziellen Gebrauch gestattet. Soweit die Inhalte auf dieser Seite nicht vom Betreiber erstellt wurden, werden die Urheberrechte Dritter beachtet. Insbesondere werden Inhalte Dritter als solche gekennzeichnet. Sollten Sie trotzdem auf eine Urheberrechtsverletzung aufmerksam werden, bitten wir um einen entsprechenden Hinweis. Bei Bekanntwerden von Rechtsverletzungen werden wir derartige Inhalte umgehend entfernen.<br \/><br \/><strong>Datenschutz<\/strong><br \/><br \/>Die Nutzung unserer Webseite ist in der Regel ohne Angabe personenbezogener Daten m\u00f6glich. Soweit auf unseren Seiten personenbezogene Daten (beispielsweise Name, Anschrift oder eMail-Adressen) erhoben werden, erfolgt dies, soweit m\u00f6glich, stets auf freiwilliger Basis. Diese Daten werden ohne Ihre ausdr\u00fcckliche Zustimmung nicht an Dritte weitergegeben. <br \/>Wir weisen darauf hin, dass die Daten\u00fcbertragung im Internet (z.B. bei der Kommunikation per E-Mail) Sicherheitsl\u00fccken aufweisen kann. Ein l\u00fcckenloser Schutz der Daten vor dem Zugriff durch Dritte ist nicht m\u00f6glich. <br \/>Der Nutzung von im Rahmen der Impressumspflicht ver\u00f6ffentlichten Kontaktdaten durch Dritte zur \u00dcbersendung von nicht ausdr\u00fccklich angeforderter Werbung und Informationsmaterialien wird hiermit ausdr\u00fccklich widersprochen. Die Betreiber der Seiten behalten sich ausdr\u00fccklich rechtliche Schritte im Falle der unverlangten Zusendung von Werbeinformationen, etwa durch Spam-Mails, vor.<br \/><br \/>Website Impressum erstellt durch <a href=\"https:\/\/www.impressum-generator.de\/\">impressum-generator.de<\/a> von der <a href=\"https:\/\/www.kanzlei-hasselbach.de\/\">Kanzlei Hasselbach<\/a><\/p>\r\n","protected":false},"excerpt":{"rendered":"<p>Angaben gem\u00e4\u00df \u00a7 5 TMG SeRohPlan GmbHRecycling \u2013 Planung \u2013 RealisationMartin Kievernagel Am Walde 16 Telefon: +49 (0)4144 235 233Mobil: +49 (0)172 260 4527Mail: kievernagel@serohplan.de Vertreten durch: Martin Kievernagel Registereintrag: Eintragung im Handelsregister, Registergericht: TostedtRegisternummer: HRB 207108 Umsatzsteuer-ID: Umsatzsteuer-Identifikationsnummer gem\u00e4\u00df \u00a727a Umsatzsteuergesetz: USt.-ID-Nr.: DE 321 512 550 Haftungsausschluss: Haftung f\u00fcr Inhalte Die Inhalte unserer Seiten &hellip; <\/p>\n<p class=\"link-more\"><a href=\"https:\/\/serohplan.de\/?page_id=40\" class=\"more-link\"><span class=\"screen-reader-text\">\u201eKontakt\/Impressum\u201c <\/span>weiterlesen<\/a><\/p>\n","protected":false},"author":1,"featured_media":0,"parent":0,"menu_order":0,"comment_status":"closed","ping_status":"closed","template":"","meta":{"jetpack_post_was_ever_published":false,"footnotes":""},"class_list":["post-40","page","type-page","status-publish","hentry"],"jetpack_sharing_enabled":true,"jetpack_shortlink":"https:\/\/wp.me\/PaCcNT-E","jetpack-related-posts":[{"id":121,"url":"https:\/\/serohplan.de\/?page_id=121","url_meta":{"origin":40,"position":0},"title":"Datenschutzerkl\u00e4rung","author":"Metalchecker","date":"14. Januar 2019","format":false,"excerpt":"Datenschutzerkl\u00e4rung Wir freuen uns sehr \u00fcber Ihr Interesse an unserem Unternehmen. Datenschutz hat einen besonders hohen Stellenwert f\u00fcr die Gesch\u00e4ftsleitung der SeRohPlan GmbH. Eine Nutzung der Internetseiten der SeRohPlan GmbH ist grunds\u00e4tzlich ohne jede Angabe personenbezogener Daten m\u00f6glich. Sofern eine betroffene Person besondere Services unseres Unternehmens \u00fcber unsere Internetseite in\u2026","rel":"","context":"\u00c4hnlicher Beitrag","block_context":{"text":"\u00c4hnlicher Beitrag","link":""},"img":{"alt_text":"","src":"","width":0,"height":0},"classes":[]},{"id":9,"url":"https:\/\/serohplan.de\/?page_id=9","url_meta":{"origin":40,"position":1},"title":"\u00dcber mich","author":"Metalchecker","date":"8. Januar 2019","format":false,"excerpt":"Seit dem Jahr 1993 bin ich in unterschiedlichen Positionen in der Recyclingbranche t\u00e4tig. Meine Kunden sch\u00e4tzen diese reichhaltigen Erfahrungen aus der Praxis.\u00a0 Qualifikation Maschinensachverst\u00e4ndiger der DESAG (Deutsche Sachverst\u00e4ndigen Gesellschaft mbH) und der BSG e.V (Berufsfachverband f\u00fcr den Sachverst\u00e4ndigen- und Gutachterwesen e.V.) Pr\u00fcfung und Abschluss sowie regelm\u00e4\u00dfige Schulung nach \u00a79 EFB\u2026","rel":"","context":"\u00c4hnlicher Beitrag","block_context":{"text":"\u00c4hnlicher Beitrag","link":""},"img":{"alt_text":"","src":"","width":0,"height":0},"classes":[]},{"id":91,"url":"https:\/\/serohplan.de\/?page_id=91","url_meta":{"origin":40,"position":2},"title":"Standortplanung \/ Neubau \/ Umbau","author":"Metalchecker","date":"14. Januar 2019","format":false,"excerpt":"Unabh\u00e4ngig davon, ob Sie einen neuen Standort planen oder einen bestehenden Standort ausbauen wollen unterst\u00fctze ich Sie bei der Pr\u00fcfung der Vorbedingungen. F\u00fcr Ihr Vorhaben stehe ich als zentraler Ansprechpartner zur Verf\u00fcgung.\u00a0 Ihre Frage: Ich plane einen neuen Standort? Oder: Ich will meinen bestehenden Standort modernisieren? Was ist dabei zu\u2026","rel":"","context":"\u00c4hnlicher Beitrag","block_context":{"text":"\u00c4hnlicher Beitrag","link":""},"img":{"alt_text":"","src":"https:\/\/i0.wp.com\/serohplan.de\/wp-content\/uploads\/2019\/03\/serohplan_haus-300x290.jpg?resize=350%2C200&ssl=1","width":350,"height":200},"classes":[]}],"_links":{"self":[{"href":"https:\/\/serohplan.de\/index.php?rest_route=\/wp\/v2\/pages\/40","targetHints":{"allow":["GET"]}}],"collection":[{"href":"https:\/\/serohplan.de\/index.php?rest_route=\/wp\/v2\/pages"}],"about":[{"href":"https:\/\/serohplan.de\/index.php?rest_route=\/wp\/v2\/types\/page"}],"author":[{"embeddable":true,"href":"https:\/\/serohplan.de\/index.php?rest_route=\/wp\/v2\/users\/1"}],"replies":[{"embeddable":true,"href":"https:\/\/serohplan.de\/index.php?rest_route=%2Fwp%2Fv2%2Fcomments&post=40"}],"version-history":[{"count":7,"href":"https:\/\/serohplan.de\/index.php?rest_route=\/wp\/v2\/pages\/40\/revisions"}],"predecessor-version":[{"id":357,"href":"https:\/\/serohplan.de\/index.php?rest_route=\/wp\/v2\/pages\/40\/revisions\/357"}],"wp:attachment":[{"href":"https:\/\/serohplan.de\/index.php?rest_route=%2Fwp%2Fv2%2Fmedia&parent=40"}],"curies":[{"name":"wp","href":"https:\/\/api.w.org\/{rel}","templated":true}]}}